31 prime?
True
Is 776249 composite?
False
Is 381577517 prime?
True
Is 29327 a prime number?
True
Is 787537621 a composite number?
True
Is 482269 prime?
False
Is 33377657 a prime number?
False
Is 3932873 a composite number?
True
Is 9366671 composite?
False
Is 6271511 a prime number?
False
Is 3025955 prime?
False
Is 11237351 a composite number?
False
Is 1256837 composite?
False
Is 79333691 a composite number?
True
Is 8430329 a composite number?
True
Is 5741867 a prime number?
False
Is 20549297 a composite number?
False
Is 2059697 a prime number?
True
Is 523013 a composite number?
True
Is 15103861 composite?
True
Is 629483 a prime number?
True
Is 935821 prime?
False
Is 1810117 composite?
True
Is 97393651 composite?
False
Is 88771 composite?
False
Is 1000757 composite?
True
Is 6480163 a composite number?
False
Is 11900233 composite?
True
Is 6345841 prime?
False
Is 10942433 a prime number?
False
Is 32222681 a composite number?
False
Is 635258887 composite?
False
Is 170084674 prime?
False
Is 2084497 a prime number?
False
Is 1178071 a prime number?
False
Is 160358938 a prime number?
False
Is 7131349 a composite number?
False
Is 348317 prime?
False
Is 5671461 composite?
True
Is 16817 composite?
True
Is 80790067 a prime number?
True
Is 12457433 prime?
False
Is 121325441 a prime number?
False
Is 7110619 composite?
False
Is 20579513 a composite number?
False
Is 41934517 a prime number?
False
Is 213874939 prime?
True
Is 86498257 a composite number?
True
Is 59892211 a composite number?
False
Is 4475747 a composite number?
False
Is 345744089 a composite number?
False
Is 5054047 a composite number?
False
Is 129603757 composite?
False
Is 18455773 composite?
True
Is 8365937 a composite number?
True
Is 3411349 a composite number?
False
Is 6966709 a composite number?
True
Is 278863943 composite?
False
Is 18390661 prime?
True
Is 34264379 a composite number?
False
Is 634529791 prime?
False
Is 6897481 prime?
False
Is 4349023 prime?
False
Is 227606969 a prime number?
True
Is 119820499 composite?
True
Is 39312709 composite?
False
Is 55563311 a composite number?
False
Is 97478621 a composite number?
True
Is 108151657 a prime number?
True
Is 851 a composite number?
True
Is 271791803 a prime number?
True
Is 310223 prime?
True
Is 16996531 a composite number?
False
Is 10040343 a prime number?
False
Is 11517521 prime?
False
Is 56227357 composite?
True
Is 3796997 prime?
True
Is 13789663 a prime number?
True
Is 3074269 composite?
True
Is 428343199 prime?
True
Is 61067319 composite?
True
Is 326286517 prime?
True
Is 79974679 a composite number?
True
Is 11351091 a composite number?
True
Is 84761977 composite?
False
Is 1420409831 a prime number?
True
Is 5229985 prime?
False
Is 39859609 prime?
True
Is 803624099 prime?
True
Is 19451903 a composite number?
False
Is 6655433 a prime number?
False
Is 1862953 a prime number?
True
Is 7221649 composite?
False
Is 20361023 a composite number?
True
Is 11271893 prime?
True
Is 121247161 a composite number?
True
Is 1859255 prime?
False
Is 7430359 composite?
True
Is 1195097 a composite number?
True
Is 30471341 composite?
False
Is 319673 a prime number?
True
Is 588206 prime?
False
Is 12739511 a composite number?
True
Is 1465987 a prime number?
True
Is 17896117 composite?
False
Is 5607361 a prime number?
True
Is 178216459 composite?
False
Is 780671 a prime number?
True
Is 27145099 composite?
False
Is 117348407 a composite number?
True
Is 15322409 prime?
False
Is 8549615 composite?
True
Is 102964717 a composite number?
True
Is 11918215 prime?
False
Is 1193081 a prime number?
True
Is 3503699 prime?
True
Is 3300097 composite?
False
Is 1451321 a composite number?
False
Is 142336237 composite?
True
Is 2176543 a composite number?
False
Is 3406099 a composite number?
False
Is 6810877 composite?
False
Is 2183417 a composite number?
False
Is 24005591 a composite number?
True
Is 1390751 composite?
True
Is 5581 composite?
False
Is 139509919 a composite number?
False
Is 104076619 a composite number?
False
Is 2521733 a prime number?
True
Is 6418967 a prime number?
True
Is 61020353 prime?
False
Is 2776017 prime?
False
Is 3291419 a prime number?
False
Is 5420269 composite?
True
Is 31294058 a composite number?
True
Is 7745995 prime?
False
Is 26463881 composite?
False
Is 5227017 a prime number?
False
Is 3398477 a composite number?
False
Is 19992407 prime?
True
Is 3885949 prime?
False
Is 10874047 a composite number?
False
Is 144313319 a prime number?
True
Is 65147131 composite?
True
Is 346783637 composite?
False
Is 5771773 composite?
True
Is 4655623 prime?
False
Is 12311987 a composite number?
True
Is 17059079 a prime number?
False
Is 11340491 prime?
True
Is 1261061 prime?
False
Is 11003809 composite?
False
Is 168290321 a composite number?
False
Is 1054505 a prime number?
False
Is 281661 prime?
False
Is 20422309 a prime number?
True
Is 6759397 a composite number?
False
Is 102421573 a composite number?
False
Is 402153319 composite?
False
Is 350891 a composite number?
False
Is 76886641 a prime number?
False
Is 255556621 prime?
True
Is 1040279 prime?
False
Is 4252411 composite?
True
Is 1131985 composite?
True
Is 72737 a prime number?
False
Is 1187798 composite?
True
Is 62709871 prime?
False
Is 138093293 a prime number?
False
Is 10192529 a prime number?
False
Is 37255703 prime?
True
Is 11587559 a prime number?
False
Is 19303961 a composite number?
False
Is 31454513 prime?
True
Is 2694817 a composite number?
True
Is 122787677 a prime number?
True
Is 42540599 composite?
True
Is 995903 a composite number?
False
Is 53176261 prime?
True
Is 351829 a composite number?
False
Is 12262247 a prime number?
False
Is 190562783 composite?
False
Is 130219 a prime number?
False
Is 23800811 a prime number?
False
Is 331607119 prime?
True
Is 834023 composite?
False
Is 309521 a composite number?
False
Is 3965513 a composite number?
True
Is 443613907 a composite number?
True
Is 63158239 a composite number?
False
Is 23304713 composite?
False
Is 931153 composite?
False
Is 32829739 prime?
False
Is 18487141 composite?
True
Is 267714199 a composite number?
True
Is 48940007 a composite number?
False
Is 30086657 composite?
False
Is 11194991 a composite number?
True
Is 1283473 a prime number?
True
Is 32780983 a composite number?
True
Is 324788155 composite?
True
Is 7864667 a composite number?
True
Is 137163331 a prime number?
False
Is 2800817 a prime number?
False
Is 43009487 prime?
True
Is 27294781 prime?
True
Is 8797093 a prime number?
False
Is 107771 composite?
True
Is 22201163 a composite number?
True
Is 32980567 composite?
False
Is 372605 prime?
False
Is 5710867 prime?
False
Is 1462417 a prime number?
False
Is 21178705 a composite number?
True
Is 378398 prime?
False
Is 3648833 prime?
True
Is 7412033 a composite number?
True
Is 882769 a composite number?
True
Is 21311515 prime?
False
Is 67252489 prime?
True
Is 108675689 composite?
False
Is 31956167 prime?
True
Is 80570213 prime?
True
Is 125052743 a prime number?
False
Is 51552799 composite?
True
Is 452113 prime?
False
Is 15388501 a composite number?
False
Is 2642782 prime?
False
Is 1562347 a composite number?
False
Is 6482479 composite?
False
Is 2965199 a prime number?
True
Is 3049039 a prime number?
False
Is 622684741 prime?
False
Is 650759 a composite number?
False
Is 86399 composite?
False
Is 1915877 a prime number?
False
Is 380934877 a prime number?
True
Is 41566121 prime?
True
Is 21417659 a prime number?
True
Is 24007751 a composite number?
False
Is 8436937 a composite number?
False
Is 75525211 composite?
False
Is 418163063 composite?
True
Is 1677649 prime?
False
Is 4819279 composite?
True
Is 165877 prime?
True
Is 156056378 a composite number?
True
Is 1238267323 a composite number?
False
Is 30349993 composite?
False
Is 1287239177 a composite number?
True
Is 388499 a composite number?
False
Is 10997503 prime?
False
Is 104389799 prime?
True
Is 385482569 a prime number?
True
Is 540594559 a prime number?
True
Is 317081797 a prime number?
True
Is 18806429 a prime number?
False
Is 59441 a composite number?
False
Is 9197053 composite?
True
Is 1254269 prime?
True
Is 47750957 composite?
False
Is 210416477 prime?
False
Is 119870381 prime?
True
Is 451472299 a prime number?
True
Is 14412433 a prime number?
False
Is 4441387 a composite number?
Fa